108 - -109)*(146 + 1 + -1). Suppose -u - 2*v + 41 = 0, -4*u + m + 25 = v. Calculate the highest common divisor of 2 and u.
1
Suppose 1470 = 61*z + 6. Suppose 171*r = 175*r - 512. What is the highest common divisor of z and r?
8
Let f(y) = 2*y**3 - 24*y**2 + 65*y + 2. Let l be f(8). Let m = 165 + 5. Calculate the highest common factor of m and l.
10
Suppose -3*t + 5*o + 6423 = 0, -2*t + 2272 + 2005 = -5*o. Calculate the greatest common divisor of 58 and t.
58
Suppose 190 - 78 = s. Let z(b) = b**2 - 13*b - 54. Let q be z(18). Suppose 0*w - q = -2*u - 2*w, 2*w - 84 = -5*u. What is the highest common divisor of s and u?
16
Suppose -5*t - 57645 = -4*m, -6*m - 14411 = -7*m + t. What is the highest common divisor of 55 and m?
55
Let p(o) = 112*o + 2913. Let r be p(-26). Calculate the greatest common divisor of r and 1654.
1
Let f = 26 - 22. Suppose -5*k + 65 = 4*h - 41, -f*h - 4 = 0. Suppose -2*o + 4 = -4, 5*p - 4*o - 39 = 0. What is the highest common factor of p and k?
11
Let h = -323 + 437. Suppose 0 = 127*y - h*y - 390. Suppose 3*j + 0*j = 30. What is the highest common factor of j and y?
10
Suppose -168*y + 167*y - 390 = -r, 5*y = 30. What is the highest common factor of r and 342?
18
Let l be (-1 + (-150)/3)*(-29032)/152. Calculate the greatest common factor of 51 and l.
51
Let h = 187 - 100. Let s be (0 + (-30)/(-24))*-2*6. Let d(k) = -7*k - 76. Let l be d(s). Calculate the greatest common factor of h and l.
29
Let j be 189 + -1 + 0 + 0. Suppose 239 = 5*t + v, 12606*v - 12605*v + 184 = 4*t. Calculate the greatest common factor of t and j.
47
Suppose 11*k - 9*k - z - 62 = 0, -17 = -k + 4*z. What is the greatest common factor of 77 and k?
11
Let a(r) = r**2 + 12*r + 15. Let s be a(-11). Let y be 31 - (3 - 4)/(-5 + s). What is the greatest common factor of y and 165?
15
Suppose 0 = 105*g - 108*g + 108. Let p be g*-5*(-3)/30. Let q(i) = 163*i**2 - i. Let u be q(1). Calculate the greatest common factor of p and u.
18
Let g(h) = 17*h**2 - 63*h - 6. Let k be g(4). Suppose 2*s = -k + 4, 4*s + 62 = y. Calculate the greatest common factor of 84 and y.
42
Let m be 7*-3 - 6*9/27. Suppose -5*v - 4 = 3*o - 0, -v + 4 = -o. Let q be m*(o + 3 - 2). What is the highest common factor of q and 115?
23
Suppose -127*z - 84 = -130*z. Let q = -24 + 178. What is the highest common factor of z and q?
14
Let u = 48 + -28. Let s = 41 - u. Let x be (s - -1) + (-6)/(-12)*-2. Calculate the greatest common factor of x and 28.
7
Let a(m) = -m**3 + 31*m**2 - 209*m + 28. Let w be a(10). Calculate the highest common divisor of w and 703.
19
Suppose 7 = -10*a + 2707. Let s = -200 + a. Calculate the highest common divisor of 56 and s.
14
Suppose -398865 = 155*c - 4270920. Calculate the greatest common divisor of c and 11.
11
Let f(s) = 40 - s**2 + s**3 + 51 + s**3 - s**3 - s. Let c be f(0). Let y = -22899 - -22912. What is the highest common divisor of c and y?
13
Suppose 0 = -36*g + 3347 + 38113 + 69312. Calculate the greatest common divisor of 51 and g.
17
Let g = 77 + -22. Suppose -5*y = 4*u - g, -3*u + 5*y = -0*y - 50. Calculate the highest common factor of u and 75.
15
Suppose 3*o - 444 = -l - 4*l, -3*l + 262 = 4*o. Let h be (-18)/l*-5*3 - -71. What is the greatest common divisor of h and 74?
74
Suppose -4*g = -5*g + 13. Let l = -249 - -490. Suppose -6*y + l = 85. What is the highest common divisor of g and y?
13
Let o = 12723 - 12705. Calculate the highest common divisor of o and 1611.
9
Let n be (-3)/6*33*(-24)/9. Let u be 34/(3 - n/16). Suppose 8*o = 32 + u. Calculate the highest common factor of 14 and o.
7
Let m(t) = -67*t + 0*t - 85*t. Suppose -4*n - 1 = -3*n. Let y be m(n). What is the highest common divisor of y and 38?
38
Suppose -9*r - 22 = -148. Suppose -3*p + 37 + r = 0. Calculate the highest common divisor of 425 and p.
17
Let q = -6523 - -6811. Let d be (-1 - -16) + 12 + -9. Calculate the greatest common divisor of q and d.
18
Let z be ((32253/4)/13)/((-27)/(-396)*1). What is the greatest common factor of 22 and z?
11
Let x = -43 - -76. Suppose 12*a - 6*a - 228 = 0. Let d = 41 - a. Calculate the highest common divisor of x and d.
3
Suppose -2*t = 3*b - 17, 4 - 10 = -t + b. Let q be (-5*2)/((-10)/132). Suppose t*n - q = 5*n. Calculate the highest common divisor of n and 165.
33
Let n = 62 - 28. Suppose -5*o + 3180 = 5*c, -2*c - 5*o + 74408 - 73166 = 0. What is the highest common factor of c and n?
34
Suppose 376*z + 38 = u + 378*z, 0 = 2*z - 14. What is the highest common factor of u and 666?
6
Let o be 8/(-14)*(1278/(-12) - -5). Suppose 0 = 6*n - 1138 + o. Calculate the highest common factor of n and 80.
20
Let q = 2041 + -2038. Suppose -2*x = -7 - 17. What is the greatest common factor of x and q?
3
Suppose -r - q - 11 - 25 = 0, -r - 5*q = 48. Let w be 3/(-9)*r - (3 + -3). What is the greatest common divisor of 11 and w?
11
Let v = -7 - 14. Let r = v - -49. Suppose -4*w - 4*c = -48, 3*c + c - 34 = -3*w. What is the greatest common factor of r and w?
14
Let f(p) = -2820*p - 330. Let g be f(-1). Calculate the greatest common factor of g and 120.
30
Let w be ((-394)/5)/((-2)/10). Suppose -6 - w = -5*t. Suppose 51*b - 52*b = -t. What is the highest common factor of 10 and b?
10
Let l = 1484 + -990. Let t(f) = f**2 + 48*f - 359. Let v be t(-55). Calculate the greatest common divisor of l and v.
26
Suppose 5*c = -0*c - 75. Let n = 17 + c. Suppose 2*d - m - 185 = 0, -5*d + n*m = -0*d - 461. Calculate the greatest common divisor of d and 13.
13
Let u(x) be the third derivative of x**6/60 - 23*x**5/60 + x**4/12 - 5*x**3/6 - 45*x**2. Let v be u(13). Calculate the greatest common factor of 48 and v.
48
Suppose 60 = -2*s + 124. Let r = -535 + 823. What is the highest common divisor of s and r?
32
Let r(o) = -5*o**3 - 9*o**2 - 49*o + 5. Let x be r(-5). Let q(s) = 26*s - 2. Let y be q(2). Calculate the greatest common divisor of x and y.
50
Let v be (780/(-30))/2 - -104. Let y be 1/3 - 272/(-3). What is the highest common divisor of y and v?
91
Suppose -4*n = -297 + 45. Let b = -3836 - -4109. Calculate the highest common divisor of n and b.
21
Let k(i) = -i - 32. Let f be k(5). Let l = f - -261. Calculate the greatest common factor of l and 28.
28
Let v be (1 - 0)/((-4)/(-12)*-1). Let f be 183 - (v + -3 - 0). Let g be 0 + 28 + (1 - 2). What is the highest common divisor of f and g?
27
Let q(y) = 173*y**2 - 95*y + 5. Let r be q(2). What is the highest common factor of r and 14027?
169
Suppose -5*z = -2*o + 290 - 60, -5*z - 575 = -5*o. Let a = o + 29. Calculate the greatest common factor of a and 16.
16
Suppose -5*i + 33*t + 625 = 28*t, -5*t = 3*i - 343. Let g = -83 + i. What is the greatest common factor of 38 and g?
38
Suppose 56*l + 51*l - 15717 = 4613. Suppose -7*y + 11*y - 80 = 0. What is the highest common factor of y and l?
10
Let j be (1 - 2)/((-2)/(-2))*-76. Suppose m + 4*p - 25 = 0, -4*p + 0*p + j = 4*m. Calculate the greatest common divisor of 170 and m.
17
Let t(u) = -u - 1. Let v(p) = -p**2 - 56*p - 211. Let g(x) = 4*t(x) - v(x). Let s be g(-48). What is the greatest common factor of s and 3?
3
Suppose 4*d - 631 = -g, 432 = 2*g + d - 844. Calculate the highest common factor of 142 and g.
71
Suppose -16*r - 5*g = -14*r - 69, 0 = r + 5*g - 37. What is the greatest common divisor of 5792 and r?
32
Let f(x) = x**3 + 23*x**2 - 9*x + 116. Let q be f(-23). Calculate the highest common divisor of 34 and q.
17
Let a = 10064 + 450. Calculate the highest common divisor of 14 and a.
14
Let f(u) = 2*u**3 - 12*u**2 + 26*u - 12. Let y(s) = 16*s - 202. Let q be y(13). Let v be f(q). Calculate the highest common factor of v and 18.
18
Let o(m) = -6*m**3 - 9*m**2 + 33*m - 19. Let r be o(-5). Calculate the highest common divisor of 310 and r.
31
Let b be 78/(-8)*(5 - (-485)/15). Let o be ((-8)/(-16))/((-1)/b). What is the highest common divisor of 42 and o?
14
Let u be (-23)/((-1242)/1701)*360/14. What is the highest common divisor of u and 360?
90
Let y(v) = 171*v + 1419. Let z be y(-8). Calculate the greatest common divisor of 138 and z.
3
Suppose 0 = -n + 5*l + 87 - 6, 5*l = 0. Suppose 5*x = -b + 34, 3*b + 4*x + 112 - 159 = 0. Calculate the highest common factor of b and n.
9
Let k = 17331 - 17315. Calculate the greatest common divisor of k and 298.
2
Let n = -1171 + 1190. C